pose -183 = 3*m - 273. What is the remainder when 53 is divided by m?
23
Let g(c) = -c**3 + 6*c**2 + 11*c - 4. Calculate the remainder when g(5) is divided by 43.
33
Let d(z) = z**2 + 3*z + 4. Let a be d(-3). Suppose -a*y + 20 = -0*y. What is the remainder when 34 is divided by 6*((3 - y) + 4)?
10
What is the remainder when 101 is divided by (1/(-2))/(63/84)*-12?
5
Let n = 4 + 11. Suppose 3*s - 153 = -4*u, 4*s - u - 204 = -38. What is the remainder when s is divided by n?
13
Suppose 0 = -p + 13 + 6. What is the remainder when 217021/1957 + (-2)/(-19) is divided by p?
16
What is the remainder when -19 - (-7 + -2) - -85 is divided by 59?
16
Let s(f) = 8 + 2*f + 12*f + 6 + f**2. Let i be (4/2)/10 - (-781)/(-55). What is the remainder when 26 is divided by s(i)?
12
Let b = -70 - -69. Let w(l) = -61*l**3 + l. What is the remainder when w(b) is divided by 16?
12
Calculate the remainder when 101 is divided by ((-3300)/(-8))/15*(-2 - -4).
46
Suppose 117*z - 516 = 111*z. Calculate the remainder when z is divided by 25.
11
Calculate the remainder when 178 is divided by 24 + -1 - (3 + 0).
18
Suppose -100*t = -126*t + 6448. What is the remainder when t is divided by 8?
0
Let f(n) = 10*n - 68. What is the remainder when 39 is divided by f(7)?
1
Suppose 3*a - 21 = 3*b, -48 = -5*a + 2*b - 10. Suppose 5*z = 15, z = 2*v - 4 - 1. Suppose -r = -10 - v. What is the remainder when r is divided by a?
6
Suppose 6*g + 12*g = 2250. Calculate the remainder when 375 is divided by g.
0
What is the remainder when -7 + 9 + 2 - -82 is divided by 58?
28
Let a(r) = r + 14. Let g be a(-12). Let i(d) = 13*d - 8. Let f(m) = 3*m**2 - 3*m - 1. Calculate the remainder when f(-3) is divided by i(g).
17
Suppose 476 - 329 = 18*q - 3435. Let a(h) = 20*h. Calculate the remainder when q is divided by a(2).
39
Let o(l) = 3 + 3 - 3 + 5*l**2 - 6 + 3*l. Let z be o(1). Suppose -3*u - 3*b + 19 = -23, 0 = 2*u - z*b - 7. Calculate the remainder when 31 is divided by u.
9
Let m = -96 - -127. What is the remainder when 97 is divided by m?
4
Suppose -3*g + 7*m = 9*m - 537, -g - 2*m = -179. What is the remainder when g is divided by 45?
44
Suppose -8 + 20 = 2*o. Let t(i) be the third derivative of i**4/8 - i**3/3 + 21*i**2. Calculate the remainder when t(6) is divided by o.
4
Let k = -10 + 10. Suppose k = 5*p - p - 144. Calculate the remainder when p is divided by -2*((-19)/2 - -3).
10
Let l = -289 + 421. Calculate the remainder when l is divided by 35.
27
Suppose 90*a + 252 = 94*a. What is the remainder when a is divided by 34?
29
Suppose -272*h + 284*h = 840. What is the remainder when h is divided by 28?
14
Let g = 6 - 4. Suppose -3*d = -g*h - 0 + 20, -11 = -h + d. Calculate the remainder when 24 is divided by h.
11
Suppose 3366 = 22*z - 11*z. What is the remainder when z is divided by 11?
9
Suppose -9 = -q - a - 3*a, 3*q = -2*a + 7. Calculate the remainder when (q - 1 - -11)/(2 - 1) is divided by 8.
3
Suppose 10*w - 4 = 8*w. Suppose j = -3, w*y + 75 = 5*y + 3*j. Calculate the remainder when 83 is divided by y.
27
Let f = -10 - -6. Let s(z) = z**3 + 6*z**2 + 2*z - 2. Let m be s(f). Let i = 35 - m. What is the remainder when 51 is divided by i?
12
Let i = 4 + 34. Calculate the remainder when i is divided by 13.
12
Suppose -5*w - 5*t = -215, -5*w + 2*t = 4*t - 230. Suppose 1178 = 85*n + 313 - 665. What is the remainder when w is divided by n?
12
Suppose 1 = 2*i - 21. Let w(u) = u**3 + u - 13. Let p be w(0). Let k = p - -34. Calculate the remainder when k is divided by i.
10
Let a(v) = 3*v - 17. Let y be a(7). Suppose 5*b - 32 = -3*t, 0 = -y*t + 8*b - 4*b. Calculate the remainder when t is divided by 4.
0
Suppose -23 = 2*n - 329. Calculate the remainder when n is divided by 6.
3
Suppose -21 = -2*s + s. Suppose 155 = 4*t - 89. Calculate the remainder when t is divided by s.
19
Let k(s) = 4*s - 4. Suppose 35 = 5*o - 0*o + 5*r, -2*o + 2 = -r. Suppose o*c - 214 = 20. Calculate the remainder when c is divided by k(6).
18
What is the remainder when (-9)/54*-116*27 is divided by 15?
12
Let p = -6 + 12. Let x(d) = 5*d**2 + 119*d + 106. What is the remainder when x(-23) is divided by p?
2
Suppose 0 = 4*r - 3*r. Let j = r - -20. Suppose -s = -4*b + 16 - 23, -b = 0. What is the remainder when j is divided by s?
6
Suppose 432 = 3*r + 4*d, 19*r + 287 = 21*r + 3*d. Calculate the remainder when r is divided by 33.
16
Let m be ((-4)/3 - 0)/(8/(-12)). Calculate the remainder when m/(-6) + (-91)/(-21) is divided by 2.
0
Let m = 738 + -718. Calculate the remainder when 158 is divided by m.
18
Suppose -12 = -3*h + 72. Let y = 4 + -2. What is the remainder when -3 - -1 - (-83 - y) is divided by h?
27
Let z(q) = -q**2 + 11*q + 9. Let l be (-48)/4*(-4)/6. Suppose -4*r = -l*r + 56. Calculate the remainder when z(6) is divided by r.
11
Suppose h - 33 - 35 = 0. Suppose -557*q + 1610 = -511*q. What is the remainder when h is divided by q?
33
Let a = -101 + 147. Calculate the remainder when a is divided by 26.
20
Let z be 22/77 - (-443)/(-7). Let k be ((-8)/12)/(6/z). Suppose k*c - 56 = 3*c. Calculate the remainder when 53 is divided by c.
11
Suppose 44 = -w + 89. Calculate the remainder when w is divided by 13.
6
Let g = 388 - 366. Calculate the remainder when 38 is divided by g.
16
Let l = 467 + -152. Suppose 9*h = 14*h - l. Calculate the remainder when h is divided by 22.
19
Suppose -4*r + 494 = 138. Suppose 11*y - 3*z = 9*y + 66, y = -2*z + 26. What is the remainder when r is divided by y?
29
Suppose 5 = 5*u - 15. Let w = u - 2. What is the remainder when 45 is divided by 75/3 - (w + -1)?
21
Let b(g) be the first derivative of -g**2/2 - 3*g + 1. Suppose 0 = -2*h - 6*h + 24. Calculate the remainder when h is divided by b(-5).
1
What is the remainder when -29*4/8*-4 is divided by 35?
23
Suppose 5*s - 116 = -5*d + 7*d, 4*s = -5*d + 106. Calculate the remainder when s is divided by 11.
2
Calculate the remainder when ((-108)/162)/(4/(-1674)) is divided by 5.
4
Let g be 48/14 - (-3)/(-7). Suppose -g*k = -2*b - 38, -b = 3*b + 4. Calculate the remainder when k is divided by 7.
5
Let q(n) = n**2 + 6*n - 19. Let k be (5 + -6)*(1 - 4)*-3. What is the remainder when 71 is divided by q(k)?
7
Suppose 38*k - 542 = -86. Suppose -2*w - 90 = -26. Calculate the remainder when w/(-1) - 2/(-2) is divided by k.
9
Suppose 5*b = -5 + 20. Let y = -25 - -36. What is the remainder when y is divided by b?
2
Suppose 0 = -j - 2*k - 3, -j - 3*k - 29 = -3*j. Let a(f) = f**2 - 2*f - 3. Let y(g) = g - 2. Let l be y(0). What is the remainder when j is divided by a(l)?
2
Suppose 0 = -5*u + u + 2*r + 4, -2 = u + r. Suppose -4*t = -5*j - 70, -3*j + u + 26 = t. Suppose k = t - 4. Calculate the remainder when 30 is divided by k.
14
Let d = -180 + 199. Calculate the remainder when d is divided by 16.
3
Calculate the remainder when -5 + -5 + 200 - -3 is divided by 59.
16
Suppose 2*j - j = 0, 3*p - 627 = 2*j. Calculate the remainder when p is divided by 35.
34
Let q(d) = -3*d - 44. Calculate the remainder when 254 is divided by q(-29).
39
Let n(i) = i**2 - 7*i + 5. Let t be n(7). Suppose t*a - 3*a + 6 = 0. Let k = a + 16. What is the remainder when 38 is divided by k?
12
What is the remainder when 111 is divided by 4/32 + 350/16?
1
Let p(d) = 5*d**2 - d + 8. Calculate the remainder when 592 is divided by p(2).
20
Suppose 17 = d + 12. Suppose -5*s - d*n = -14 - 1, -20 = -5*n. What is the remainder when 47 is divided by 18 + 3/(s - 2)?
13
Suppose -199*f = -186*f - 91. What is the remainder when 46 is divided by f?
4
Suppose -4*m + 0*q = 3*q - 198, 2*q + 140 = 3*m. What is the remainder when 1486 is divided by m?
46
Suppose 134 = 3*w + 5*q - 0*q, 4*w - 140 = 3*q. Let s = -27 + w. Let j = s + 9. What is the remainder when j is divided by 11?
9
Let i = 606 + -594. What is the remainder when 464 is divided by i?
8
Let s(h) = -h**2 - 36*h - 280. What is the remainder when 158 is divided by s(-16)?
38
Suppose -18*n = -0*n - 540. Calculate the remainder when 89 is divided by n.
29
Let g(n) = 2*n**2 + 5*n + 5. Let z = -1 + -6. Let f be g(z). What is the remainder when 67 is divided by ((-9)/(-18))/(2/f)?
16
Suppose -5*a = 5*w, -2*w + a + 8 = w. Suppose -3*z + 4*z = w*m - 38, 3*m = z + 57. Calculate the remainder when 131 is divided by m.
17
Suppose 3*r - r - 27 = -5*c, 